{"id":7797,"date":"2023-08-04T14:13:30","date_gmt":"2023-08-04T13:13:30","guid":{"rendered":"https:\/\/www.amapbiodevant.fr\/blog\/?page_id=7797"},"modified":"2025-10-25T18:27:19","modified_gmt":"2025-10-25T17:27:19","slug":"qui-sommes-nous","status":"publish","type":"page","link":"https:\/\/www.amapbiodevant.fr\/blog\/qui-sommes-nous\/","title":{"rendered":"Qui sommes nous&#8230;"},"content":{"rendered":"<div class=\"wp-block-image\">\n<figure class=\"alignright size-full is-resized\"><img loading=\"lazy\" decoding=\"async\" width=\"512\" height=\"512\" src=\"https:\/\/www.amapbiodevant.fr\/blog\/wp-content\/uploads\/2025\/10\/cropped-logo.jpg\" alt=\"\" class=\"wp-image-8370\" style=\"width:146px;height:auto\" title=\"logo amap v2\" srcset=\"https:\/\/www.amapbiodevant.fr\/blog\/wp-content\/uploads\/2025\/10\/cropped-logo.jpg 512w, https:\/\/www.amapbiodevant.fr\/blog\/wp-content\/uploads\/2025\/10\/cropped-logo-300x300.jpg 300w, https:\/\/www.amapbiodevant.fr\/blog\/wp-content\/uploads\/2025\/10\/cropped-logo-150x150.jpg 150w, https:\/\/www.amapbiodevant.fr\/blog\/wp-content\/uploads\/2025\/10\/cropped-logo-80x80.jpg 80w, https:\/\/www.amapbiodevant.fr\/blog\/wp-content\/uploads\/2025\/10\/cropped-logo-270x270.jpg 270w, https:\/\/www.amapbiodevant.fr\/blog\/wp-content\/uploads\/2025\/10\/cropped-logo-192x192.jpg 192w, https:\/\/www.amapbiodevant.fr\/blog\/wp-content\/uploads\/2025\/10\/cropped-logo-180x180.jpg 180w, https:\/\/www.amapbiodevant.fr\/blog\/wp-content\/uploads\/2025\/10\/cropped-logo-32x32.jpg 32w\" sizes=\"auto, (max-width: 512px) 100vw, 512px\" \/><\/figure><\/div>\n\n\n<p><strong>AMAP BIO DEVANT\u2026 panier Bio \u00e0 Courbevoie&nbsp;&nbsp;Hauts de Seine, 92 &nbsp;\u2013 &nbsp;48 rue du Capitaine Guynemer<\/strong><\/p>\n\n\n\n<h3 class=\"wp-block-heading\">Association loi 1901 cr\u00e9\u00e9e en 2011. Nous ne touchons aucun b\u00e9n\u00e9fice sur l\u2019argent que nous r\u00e9coltons tout est revers\u00e9 directement aux producteurs.<\/h3>\n\n\n\n<p>C\u2019est notre fa\u00e7on de contribuer au d\u00e9veloppement d\u2019exploitants agricoles qui font beaucoup d\u2019efforts pour produire plus sainement.<\/p>\n\n\n\n<p>Une cotisation annuelle de 20\u20ac est seulement demand\u00e9e pour l\u2019association pour permettre de r\u00e9gler les frais fixes li\u00e9s \u00e0 notre outil de prise de commande r\u00e9alis\u00e9 par l\u2019association.<\/p>\n\n\n\n<p>Nous association est g\u00e9r\u00e9e par des b\u00e9n\u00e9voles avec la contribution de tous les adh\u00e9rents.<\/p>\n\n\n\n<p>Nous sommes la<strong>&nbsp;seule association<\/strong>&nbsp;\u00e0 Courbevoie qui permet \u00e0 ses heureux adh\u00e9rents de b\u00e9n\u00e9ficier de beaux paniers de produits bio; l\u00e9gumes, pommes, poires, agrumes, oeufs et volailles, boeuf et veau, pruneaux, miel, fromages et yaourts de brebis \u2026.<\/p>\n\n\n\n<p>Nous proposons des contrats r\u00e9currents (qui se reconduisent d\u2019une semaine sur l\u2019autre ou d\u2019un mois sur l\u2019autre) et des contrats ponctuels mensuels ou trimestriels.<\/p>\n\n\n\n<p>Le contrat de l\u00e9gumes hebdomadaire est le contrat de base obligatoire, nous vous demandons \u00e9galement de prendre \u00e0 minima un deuxi\u00e8me contrat r\u00e9current et de jouer le jeu sur les nombreux contrats ponctuels propos\u00e9s.<\/p>\n\n\n\n<h3 class=\"wp-block-heading\">Nous pouvons aussi accueillir nos voisins de la commune de&nbsp;La Garenne Colombes dans la mesure des places disponibles\u2026<\/h3>\n\n\n\n<p>Distribution ouverte aux adh\u00e9rents : tous les&nbsp;<strong>vendredis soir<\/strong>&nbsp;de&nbsp;<strong>18h30 \u00e0 20h<\/strong>&nbsp;au Foyer Social Les Hypoquets, 48 rue du Capitaine Guynemer<\/p>\n\n\n\n<h3 class=\"wp-block-heading\">Nous vous proposons uniquement des produits Bio de saison r\u00e9colt\u00e9s jusqu\u2019au matin m\u00eame du jour de la distribution.<\/h3>\n\n\n\n<p>Si vous souhaitez en savoir plus consultez nos articles pr\u00e9sents dans le menu \u00ab&nbsp;L\u2019association&nbsp;\u00bb<\/p>\n\n\n\n<p><strong>M\u00eame si vous pensez que les Amap sont toujours compl\u00e8tes ; posez-nous la question\u2026 les plus motiv\u00e9s ont leur chance.<\/strong><\/p>\n\n\n\n<p><a href=\"https:\/\/www.amapbiodevant.fr\/blog\/?p=185\">Nous contacter<\/a><\/p>\n\n\n\n<p>BIO DEVANT, pour \u00eatre de BIONNE HUMEUR<\/p>\n\n\n<div class=\"wp-block-image\">\n<figure class=\"aligncenter\"><a href=\"https:\/\/www.amapbiodevant.fr\/blog\/wp-content\/uploads\/2012\/11\/logos-bio.jpg\"><img loading=\"lazy\" decoding=\"async\" width=\"260\" height=\"143\" src=\"https:\/\/www.amapbiodevant.fr\/blog\/wp-content\/uploads\/2012\/11\/logos-bio.jpg\" alt=\"labels bio\" class=\"wp-image-1866\"\/><\/a><\/figure><\/div>","protected":false},"excerpt":{"rendered":"<p>AMAP BIO DEVANT\u2026 panier Bio \u00e0 Courbevoie&nbsp;&nbsp;Hauts de Seine, 92 &nbsp;\u2013 &nbsp;48 rue du Capitaine Guynemer Association loi 1901 cr\u00e9\u00e9e en 2011. Nous ne touchons aucun b\u00e9n\u00e9fice sur l\u2019argent que nous r\u00e9coltons tout est revers\u00e9 directement aux producteurs. C\u2019est notre fa\u00e7on de contribuer au d\u00e9veloppement d\u2019exploitants agricoles qui font beaucoup&hellip;<\/p>\n","protected":false},"author":1,"featured_media":0,"parent":0,"menu_order":0,"comment_status":"closed","ping_status":"closed","template":"","meta":{"om_disable_all_campaigns":false,"_monsterinsights_skip_tracking":false,"_monsterinsights_sitenote_active":false,"_monsterinsights_sitenote_note":"","_monsterinsights_sitenote_category":0,"_uf_show_specific_survey":0,"_uf_disable_surveys":false,"footnotes":""},"class_list":["post-7797","page","type-page","status-publish","hentry","entry","clearfix","no-featured-image"],"_links":{"self":[{"href":"https:\/\/www.amapbiodevant.fr\/blog\/wp-json\/wp\/v2\/pages\/7797","targetHints":{"allow":["GET"]}}],"collection":[{"href":"https:\/\/www.amapbiodevant.fr\/blog\/wp-json\/wp\/v2\/pages"}],"about":[{"href":"https:\/\/www.amapbiodevant.fr\/blog\/wp-json\/wp\/v2\/types\/page"}],"author":[{"embeddable":true,"href":"https:\/\/www.amapbiodevant.fr\/blog\/wp-json\/wp\/v2\/users\/1"}],"replies":[{"embeddable":true,"href":"https:\/\/www.amapbiodevant.fr\/blog\/wp-json\/wp\/v2\/comments?post=7797"}],"version-history":[{"count":2,"href":"https:\/\/www.amapbiodevant.fr\/blog\/wp-json\/wp\/v2\/pages\/7797\/revisions"}],"predecessor-version":[{"id":8374,"href":"https:\/\/www.amapbiodevant.fr\/blog\/wp-json\/wp\/v2\/pages\/7797\/revisions\/8374"}],"wp:attachment":[{"href":"https:\/\/www.amapbiodevant.fr\/blog\/wp-json\/wp\/v2\/media?parent=7797"}],"curies":[{"name":"wp","href":"https:\/\/api.w.org\/{rel}","templated":true}]}}